 = 865 - 877. Let w(p) be the third derivative of p**5/60 + p**4/2 - 3*p**3/2 + p**2. Determine w(s).
-9
Let f(k) = -9*k - 2. Let o(w) = w + 8. Let d be o(-4). Suppose -d*c = -0*c - 3*u - 83, 5*c - 106 = 3*u. Let q = c - 26. Give f(q).
25
Let p(h) = 30*h**3 + h**2 - h - 1. Let x be p(1). Let d(y) = -y**3 - x + 13 - 6*y**2 + 15 - 3*y. Determine d(-2).
-11
Let u(x) be the third derivative of x**5/60 - x**4/12 - 7*x**3/6 - 10489*x**2. Let h be (3/(-1))/((-15)/20). What is u(h)?
1
Let j = -528 - -532. Let p(r) = 7*r + 7. Let s(d) = 64*d + 64. Let h(z) = -28*p(z) + 3*s(z). What is h(j)?
-20
Let l(d) = -2*d - 12. Suppose 2*o = -10, 5*o = 5*r - 8 - 52. Let b = -15 + r. Calculate l(b).
4
Let r(d) = 5 + 76653*d - d**2 - 76661*d - 3 + 2. Suppose -w = 3*w + 36. Calculate r(w).
-5
Let i(r) be the second derivative of 7*r**3/6 - r**2/2 - 221*r + 1. Let l = 5 + 0. Calculate i(l).
34
Suppose -2*p + 178 = -4*s, p - 4 = 5*s + 220. Let x be (4/18)/((-5)/s). Let f(h) = -21*h**3 + 20*h**3 - 5*h - x - 2 - 4*h**2. Give f(-3).
2
Let h be 4 + 8 + (-7 - (11 + -5)). Let d(v) be the first derivative of -11*v**2/2 - 3*v + 17. What is d(h)?
8
Let x(m) = -2*m**2 + m - 9. Suppose 230*c - 495 = 65*c. Determine x(c).
-24
Let o(k) = -14*k + 148. Let r(p) = p**2 + 123*p + 1535. Let i be r(-109). Determine o(i).
22
Let r(y) = 6*y + 52. Suppose -4*u = -0*j - 3*j - 4, 5*j + 50 = -2*u. Let f be r(j). Let n(h) = -f*h - 2*h - 6 + 4*h + 6*h. Give n(3).
6
Suppose 4*k + k - a - 28 = 0, 2*a = -k - 1. Let l(p) = k*p**3 + 31*p**3 - p + 2*p**2 - 41*p**3. Give l(1).
-4
Let a(b) = b**2 + 16*b + 34. Let i be (-350)/(-6)*48/56. Suppose -i + 37 = s. Determine a(s).
-5
Let q(j) = 2*j + 7*j + 24*j + 5*j + 2 - 10*j. Calculate q(-3).
-82
Let f = -132 + 131. Let p(n) be the second derivative of 0 + 0*n**4 - 1/6*n**3 - 6*n + 1/2*n**5 - 1/2*n**2. Give p(f).
-10
Let k(x) = 3*x + 81. Suppose -311*i - 64*i - 11250 = 0. Determine k(i).
-9
Let r(n) = -163*n**2 + 5*n - 44. Let o(t) = 58*t**2 - 2*t + 15. Let q(s) = 11*o(s) + 4*r(s). What is q(-3)?
-131
Let t(o) = -3*o - 2. Let k be -5*1/(-20) - 431/(-4). Suppose 0*s = 18*s - k. Calculate t(s).
-20
Let f be -3*2/(-3) - 3. Let r(m) = -15*m**3 - 2*m**2 + 9*m - 4. Let a(z) = 19*z**3 + 3*z**2 - 11*z + 5. Let j(w) = 4*a(w) + 5*r(w). Give j(f).
0
Suppose 4*c - 179 + 174 = -5*r, 0 = r - 5*c - 1. Let x(j) = 6*j. Let t(g) = 6*g. Let u(a) = 6*t(a) - 4*x(a). Give u(r).
12
Let a(b) = b**2 + b - 1. Let q(r) = -7*r**2 + 12*r - 7. Let h(p) = 9*a(p) + q(p). Determine h(-15).
119
Let s(g) = -g**2 - 14*g - 15. Suppose 11*t - 13*t - 550 = 0. Let w = 262 + t. What is s(w)?
-2
Let y(u) be the third derivative of -19*u**5/60 + u**4/24 - u**3/6 - 21*u**2. Suppose 23 = 35*i - 12. Calculate y(i).
-19
Let f(o) = 2*o**2 - 9*o + 8. Let s be 0/1 - -12*9/108. Give f(s).
1
Let o(k) = -k**3 + k**2 + k - 2. Let v(a) = -a**3 - 2*a**2 - 5*a. Let z(b) = 2*o(b) - v(b). Let c = 93 - 88. What is z(c)?
6
Let o(x) = -x**2 + x - 9. Suppose 324*b = 346*b. Determine o(b).
-9
Let x(f) = 3*f + 2. Let r be ((-1)/(-2))/((18/248)/9). Suppose -9*l = -26 + r. Let i be -4*1/l*-5. Determine x(i).
-13
Let a(l) = l**3 + 318*l**2 - 290*l + 9254. Let n be a(-319). Let t(i) be the second derivative of 2*i**3/3 + 2*i**2 - i. Give t(n).
16
Let v(w) = -117*w**2 - 80*w**2 + 196*w**2 - 7*w + 20. Calculate v(-9).
2
Let m(g) = -12*g**2 + 53*g - 73 + 11*g**2 - 70*g + 49*g. Give m(30).
-13
Let q(m) = -m**2 - m + 7. Suppose -48 = 44*w + 93 + 79. What is q(w)?
-13
Let s(y) = -11*y - 47. Let n = 10133 - 10141. Give s(n).
41
Let o(n) = n**3 + 6*n**2 - 6*n + 3. Suppose 22 - 106 = -2*d. Suppose 4*l = l + d. Let f be 0 - (l/3)/(2/3). Calculate o(f).
-4
Suppose -k = -3*y + 12, 5*y + 117*k - 115*k + 24 = 0. Let f(u) be the third derivative of u**5/60 + u**4/24 - 3*u**3 - u**2. Give f(y).
-18
Let g be (-91)/26*40/(-28). Let j(d) be the third derivative of 0*d + 1/3*d**3 + 1/60*d**g + 6*d**2 - 3/8*d**4 + 0. Calculate j(8).
-6
Let a(x) = -x**3 - 5*x**2 + x - 4. Suppose 3*v = 2*b + 1, 0*b - 5*b + 20 = 0. Suppose 2*f + 2*r = -0*f - 4, 2*f + 4 = r. Let z be f - (0/v - -3). Give a(z).
-9
Let x(m) = 3*m - 73. Let w(n) = 5*n. Let f(s) = w(s) - x(s). Let r be f(-36). Let v(i) = 40*i - 1. What is v(r)?
39
Let l(g) = g**3 + 16*g**2 + g + 10. Let p be l(-16). Let o(w) = 603*w + 1 - 604*w - 3 - 6. Give o(p).
-2
Let u(o) = o**2 - 85*o + 1600. Let c be u(28). Let b(h) = 6*h**2 - 24*h - 8. Give b(c).
-8
Suppose 0 = -6434*v + 6346*v - 880. Let l(f) = f**3 + 12*f**2 + 29*f + 64. What is l(v)?
-26
Let j be (-2 - -2) + (-4 - 45). Let y = j - -50. Let v be ((-4)/1 + 2 + y)/(-1). Let d(n) = -8*n**2 + 1. Give d(v).
-7
Let v(k) = -k**2 + 40*k - 106. Let q be v(35). Suppose 67*i - q*i = 0. Let m(o) = 2*o - 2. Calculate m(i).
-2
Let a(k) = -10*k - 6. Let n(o) = 4*o + 9*o - 14*o. Let w(f) = -a(f) + 8*n(f). Let i = 311 - 317. Give w(i).
-6
Let y(a) be the first derivative of a**4/4 - 2*a**3/3 - a**2 - 24*a + 5549. Calculate y(4).
0
Let r = -29 - -40. Suppose 8*u + r = -29. Let b be (0 - 2)/(u/10). Let p(y) = -y**2 - y + 2. Calculate p(b).
-18
Suppose 5*z = -5 + 15. Let x be 1*(-3 + (5 - z)). Let j(o) = -32 + 15 + 17 - o. What is j(x)?
0
Let w(p) = p - 1. Suppose 9*h - 30*h - 15 = -6*h. Let r be (-1 + 0)*2 + -12. Let n be h - -1 - (r + 10). Determine w(n).
3
Let l(k) = -k**2 + 4. Let c = 4968 - 4971. Determine l(c).
-5
Suppose -5*s + 13 + 67 = 0. Suppose 13*f = s*f. Let i(n) be the first derivative of -n**4/4 + n**3/3 + n**2/2 + 17*n + 4. Calculate i(f).
17
Let q = -2960 + 2949. Let n(m) = -m + 14. Calculate n(q).
25
Let x(f) = f**3 + 9*f**2 - 7*f - 7. Suppose -98*y - 150 = 50 + 486. What is x(y)?
140
Let c(f) be the second derivative of 0 - 2/3*f**3 + 3/2*f**2 + 2*f. Suppose -3*l = -10 + 1. Give c(l).
-9
Let f(o) = -3*o + 36. Suppose 30*v - 40*v = 69*v - 395. Give f(v).
21
Let f(w) = 2*w**3 - 12*w**2 - 12*w - 10. Let a be (-8)/10 + ((-495)/(-25) - 12). Give f(a).
4
Let c(h) = -71 + 1577*h + 1619*h - 3176*h. Calculate c(5).
29
Suppose 0 + 0 = -10*s. Suppose s = 5*p + 190 + 110. Let o = p + 52. Let d(v) = -v**2 - 8*v - 7. Give d(o).
-7
Let l(m) = 23*m**3 + 7*m**2 + 9*m - 2. Let x(g) = -40*g**3 - 14*g**2 - 17*g + 5. Let j(s) = 7*l(s) + 4*x(s). Calculate j(8).
30
Let f(k) = -6*k**2 - k + 1. Let u be 1/((-3)/1) + 4/12. Suppose -10*s + 36 - 26 = u. Determine f(s).
-6
Let f(y) = 49*y**2 - y**3 + 1477*y + 44 - 715*y - 763*y. Give f(49).
-5
Let p(k) = k**3 + 7*k**2 - 12*k - 29. Suppose 5 = -w - 3*d, 3*w + 3*d = 2*d - 23. Give p(w).
3
Let r(i) = i**2 - 9*i + 5. Let c be -2 - -10 - -2 - 5. Suppose 5*b = -5*y + y + 27, c*y + 4*b = 36. Give r(y).
-3
Suppose 3*h + 15 = 0, 3*d - 29 = 2*h + 2. Let g(y) = 11*y - 241. Let a(l) = -16*l + 342. Let q(o) = 5*a(o) + 7*g(o). What is q(d)?
2
Let d(o) = -2*o - 4. Let r = -35 - -50. Suppose 4*s = -0*u - 2*u + 10, -4*u = s + r. What is d(u)?
6
Let m(n) = n**3 + 3*n**2 - 4*n - 1. Let q(z) = -1. Let x(b) = 2*b**2 - 13*b + 6. Let l(w) = 4*q(w) - x(w). Let d be l(6). Determine m(d).
-1
Let x = 180 + -177. Let w(z) = -x*z**2 - 145 + 288 - 4*z + z**3 - 144. Give w(4).
-1
Let m = -2325 + 2326. Let o(v) = v + 13*v**3 - v**2 - 56*v**3 + 18*v**3. Give o(m).
-25
Let f(h) = -6*h**2 - h. Let u(n) = -n**2 + 7*n - 15. Let b be u(3). Let x be (-187)/(-44) - (-1)/12*b. Suppose 71*g - 75*g = x. Determine f(g).
-5
Let m = 21736 + -21746. Let o(c) = -c**3 - 9*c**2 - 5*c - 23. Determine o(m).
127
Let g(f) = -2*f**2 - 3*f. Suppose -4*d + 12 = -12. Let v(y) = y - 5. Let p be v(d). Suppose 9 = 4*t + p, -4*s + 2*t = 16. Determine g(s).
-9
Let y(z) = z**3 + 11*z**2 + 10*z + 2. Let g be -1 - -37 - (-15)/(-2 + 5). Let a be (g/4 + (-6)/24)*-1. Determine y(a).
2
Let g be 6/5*70/28. Suppose b + 5*r + 20 = 0, 5*b + g*r + 25 = 7*b. Let l(z) = -z**2 + 5*z + 1. Give l(b).
1
Let s(t) = -2*t - 5. Let m(g) = g + 3. Let f(x) = 7*m(x) + 3*s(x). Let l(p) = 204*p - 2*p**2 - 4*p**2 - 198*p - p**3 - 7. Let q be l(-7). What is f(q)?
6
Let a(f) = f**3 + 4*f**2 - 4*f - 4. Let p(h) = -2*h - 8. Let j be p(-7). Suppose -j*l + 33 - 171 = 0. Let b = l + 18. Determine a(b).
-9
Let g(o) = -o**2 - o - 2. Let d be g(5). Let w = d + 38. Let q(n) = n**2 - 7*n - 4. Determine q(w).
-10
Let l(z) = 46*z**2 + 61*z**2 - 157*z**2 - 13*z - 47 + 51*z**2. Determine l(15).
-17
Let t = -58 + 114. Let g(w